-633523
In base 16, what is 32a - b302?
-afd8
In base 3, what is -120 + -1000100001221?
-1000100002111
In base 3, what is -21020020222 + -12001?
-21020110000
In base 11, what is a4400a88 - -3?
a4400a90
In base 11, what is 755a5 - 28?
75578
In base 10, what is -208 - -3047405?
3047197
In base 12, what is -10 - -67ba3?
67b93
In base 9, what is 5524324 + -3?
5524321
In base 5, what is -11341 - -211113023?
211101132
In base 7, what is 1 + -155162006?
-155162005
In base 7, what is 22163252 - 12?
22163240
In base 15, what is -22c037 - 21?
-22c058
In base 12, what is 60 + 84882?
84922
In base 10, what is 6794 - -1874?
8668
In base 15, what is 2c13e - -37?
2c176
In base 6, what is 3201415 - -23?
3201442
In base 10, what is 1 + 4795995?
4795996
In base 7, what is 23 - 466106?
-466053
In base 14, what is -120c - 1b95d?
-1cb6b
In base 6, what is 30214153 + -314?
30213435
In base 13, what is 8a60 - -710b?
12b6b
In base 14, what is -1b20 + -26a93?
-287b3
In base 7, what is -6446 - 15515?
-25264
In base 16, what is -55d3f + fe0?
-54d5f
In base 8, what is -36442730 + -4?
-36442734
In base 9, what is -228027814 + -4?
-228027818
In base 14, what is 13434 - -630?
13a64
In base 12, what is 53 + -186b66?
-186b13
In base 13, what is -3a81898 + 3?
-3a81895
In base 8, what is -142324645 + -2?
-142324647
In base 3, what is 1200022001 - 110100?
1122211201
In base 15, what is -1 + 5b4d30?
5b4d2e
In base 13, what is -3008 + -23091?
-26099
In base 2, what is -1001 + 10000110000101011100000?
10000110000101011010111
In base 2, what is -1001110 - 10101001010011111001110?
-10101001010100000011100
In base 8, what is 26156652 + 41?
26156713
In base 10, what is -1 + 32113840?
32113839
In base 4, what is -11 - -2313230022023?
2313230022012
In base 9, what is -2 - 7851285?
-7851287
In base 16, what is -b + 1ac44b?
1ac440
In base 3, what is 120222110 + -1012020?
112210020
In base 7, what is 5 - 32556560?
-32556552
In base 3, what is 21020010021 - -202100?
21020212121
In base 5, what is -30 + -301041131?
-301041211
In base 3, what is -1 - 2120210212100001?
-2120210212100002
In base 13, what is -21 + -58520a?
-58522b
In base 14, what is -7db + -3287?
-3a84
In base 10, what is 10688544 - -39?
10688583
In base 6, what is -1 + -1014540042?
-1014540043
In base 12, what is -34022 + 4a9b?
-2b143
In base 13, what is 220613 + -2?
220611
In base 6, what is -3 + 2205115500?
2205115453
In base 13, what is -14 + 174430?
174419
In base 8, what is 0 - 31351616?
-31351616
In base 14, what is -88b + -10c5b?
-11708
In base 9, what is -12204486 - 107?
-12204604
In base 10, what is -55106 - 586?
-55692
In base 16, what is -21e3 + 4b86?
29a3
In base 3, what is -12 + -2212212001110210?
-2212212001110222
In base 7, what is 1424015315 + 4?
1424015322
In base 15, what is 4 + 542c14?
542c18
In base 11, what is -30480 + -85?
-30555
In base 9, what is 1740573 + 35?
1740618
In base 3, what is -211011121 + 210202002?
-102112
In base 16, what is 2c026d + -1a?
2c0253
In base 13, what is -5 - 1856029?
-1856031
In base 7, what is 3 - 140546052?
-140546046
In base 13, what is 1c6984b2 + -5?
1c6984aa
In base 11, what is -320192 - 61a?
-320801
In base 16, what is -c - 9aaa51?
-9aaa5d
In base 9, what is 522720 + 75?
522805
In base 7, what is 10 + 1506160636?
1506160646
In base 7, what is -5402236 - 666?
-5403235
In base 3, what is 2201212122012 - -22?
2201212122111
In base 11, what is -56874706 + 5?
-56874701
In base 2, what is -1011111 - 1010010011111110111011?
-1010010100000000011010
In base 8, what is -5 - -30607474?
30607467
In base 3, what is 20112121212122101 + 10?
20112121212122111
In base 9, what is -1040786075 + 1?
-1040786074
In base 15, what is -174edd7 - -12?
-174edc5
In base 9, what is 33410 - 37522?
-4112
In base 9, what is 26 + -145335746?
-145335720
In base 16, what is -1010251 + 0?
-1010251
In base 3, what is -100101 - -112010100002?
112002222201
In base 5, what is 3 - -142003213113?
142003213121
In base 13, what is 24 - 7194b1?
-71948a
In base 14, what is 7d61923 - 5?
7d6191c
In base 7, what is -22015622 + -6?
-22015631
In base 7, what is -163512454 + -2?
-163512456
In base 2, what is -1101010011011100110 - 1000?
-1101010011011101110
In base 2, what is -11 + -100001100001011111011001?
-100001100001011111011100
In base 9, what is -177 - -10334267?
10334080
In base 15, what is -7c4bc2 + 3?
-7c4bbe
In base 11, what is -3690 + 2008?
-1683
In base 6, what is -15 + -1232422544?
-1232423003
In base 8, what is 523143 - -1615?
524760
In base 11, what is -4a58 + -130?
-5088
In base 2, what is -1011 - -1000110111100111011100111?
1000110111100111011011100
In base 9, what is -1 - -122660438?
122660437
In base 6, what is -20021001234 - 5?
-20021001243
In base 6, what is 3 - 1545335450?
-1545335443
In base 6, what is -33142 - -552?
-32150
In base 4, what is -110301031030 - 1101?
-110301032131
In base 6, what is 21124 - -10215?
31343
In base 9, what is -30 - -531122?
531082
In base 5, what is -3442444214 + 3?
-3442444211
In base 16, what is 516 - 9e5?
-4cf
In base 16, what is -1704f0 + -1c?
-17050c
In base 12, what is -125 - -41622a?
416105
In base 5, what is -30142 - 23442?
-104134
In base 14, what is 30c1411 + 1?
30c1412
In base 10, what is -3 + 55089328?
55089325
In base 12, what is -7 - -8533853?
8533848
In base 14, what is 4c0a8829 + 2?
4c0a882b
In base 6, what is -33231023 - 311?
-33231334
In base 10, what is -24728018 - -1?
-24728017
In base 15, what is -159 - -1303d?
12dd4
In base 10, what is 5 - 2519559?
-2519554
In base 5, what is 1400132 + 24?
1400211
In base 2, what is 111111101110 - 10010011101000?
-1010011111010
In base 14, what is -7470581 - 2?
-7470583
In base 10, what is -7429 + 2804?
-4625
In base 9, what is -2 - 4771727?
-4771730
In base 10, what is 212860 - -985?
213845
In base 10, what is -657932 + -173?
-658105
In base 2, what is -10 - -10110100100011011110101100?
10110100100011011110101010
In base 15, what is -6cad71 + -18?
-6cad89
In base 13, what is -2646972 - -84?
-26468bb
In base 4, what is -122121102 - 133221?
-122320323
In base 3, what is 221220220201020 - 210?
221220220200110
In base 3, what is -10001 + 200221202011?
200221122010
In base 15, what is e794d5 - -1?
e794d6
In base 2, what is 1110000111001011000 - -1111111?
1110000111011010111
In base 16, what is -733f - -738?
-6c07
In base 6, what is 2210023353 - 5?
2210023344
In base 5, what is 240004131 - 144?
240003432
In base 11, what is 151 + -11078?
-10a27
In base 16, what is 15c + 36a0?
37fc
In base 12, what is -632 - -56026?
555b4
In base 11, what is 2a32 + 7883?
a805
In base 13, what is -23b06ca + -2?
-23b06cc
In base 7, what is 10 - -160131616?
160131626
In base 14, what is -86b85b + 2?
-86b859
In base 13, what is -883 - 23637?
-241ba
In base 14, what is 82b52 - 9d?
82a93
In base 9, what is -2 + 34421364?
34421362
In base 2, what is -110011111010011101 + 11101001?
-110011110110110100
In base 6, what is 31100 + 135332?
210432
In base 9, what is -25 - 11437?
-11463
In base 9, what is -347 + 118127?
117670
In base 13, what is 90b9 - 1b02?
72b7
In base 3, what is -1 + 11101200102122221?
11101200102122220
In base 8, what is 505 + -4275051?
-4274344
In base 16, what is 7 - -53a977?
53a97e
In base 11, what is -9951 - 8617?
-17468
In base 2, what is -111111001111001111111101 + -10?
-111111001111001111111111
In base 16, what is 281c08 - -2?
281c0a
In base 5, what is 242 - 23203341?
-23203044
In base 11, what is 3823468 + -13?
3823455
In base 16, what is 47 - 18661?
-1861a
In base 9, what is 10 + -17487886?
-17487876
In base 7, what is -10524 + -33006?
-43533
In base 6, what is 24513 + 33034?
101551
In base 15, what is 13 - a90a2?
-a908e
In base 10, what is 141881 - 7?
141874
In base 11, what is -9833a0 - 1a?
-98340a
In base 13, what is 120 + -6b5?
-595
In base 15, what is 48 + -21889?
-21841
In base 11, what is 2772a + 13a?
27869
In base 8, what is -6 - -4070637?
4070631
In base 12, what is 243 + -60a18?
-60795
In base 11, what is -10222 + -663?
-10885
In base 13, what is -22a0 - 295?
-2565
In base 16, what is 10e50a + 2?
10e50c
In base 3, what is 1 - -102120021220202010?
102120021220202011
In base 5, what is -1030404411 + -24?
-1030404440
In base 2, what is 1100110100010111001 - 1?
1100110100010111000
In base 13, what is 16134c94 - 2?